{"id":1979,"date":"2023-01-10T19:19:14","date_gmt":"2023-01-10T22:19:14","guid":{"rendered":"https:\/\/conotech-argentina.com\/?post_type=product&#038;p=1979"},"modified":"2023-01-10T19:19:14","modified_gmt":"2023-01-10T22:19:14","slug":"monocular-termico-con-telemetro-conotech-tracer-50-lrf-pro","status":"publish","type":"product","link":"https:\/\/conotech-argentina.com\/index.php\/product\/monocular-termico-con-telemetro-conotech-tracer-50-lrf-pro\/","title":{"rendered":"Monocular t\u00e9rmico con tel\u00e9metro Conotech Tracer 50 LRF Pro"},"content":{"rendered":"<p>Precio en d\u00f3lares, tambi\u00e9n se reciben pesos argentinos al cambio de d\u00f3lar blue venta (billete).<\/p>\n<p>Novedoso monocular t\u00e9rmico con tel\u00e9metro l\u00e1ser (LRF).<\/p>\n<p>Marca: Conotech<\/p>\n<p>Modelo: Tracer 50 LRF Pro<\/p>\n<p>Garantia: 3 a\u00f1os de f\u00e1brica.<\/p>\n<p>Es el mejor dispositivo en relaci\u00f3n precio calidad en el grupo de resoluci\u00f3n del sensor t\u00e9rmico de 384\u00d7288 y lente de 50mm. Ya que, posee 12 um de paso de pixel, NETD \u226530 mK, pantalla OLED y tel\u00e9metro hasta 1000 metros.<\/p>\n<p>Puede ver el resto de las especificaciones en las fotos.<\/p>\n","protected":false},"excerpt":{"rendered":"<p>Precio en d\u00f3lares, tambi\u00e9n se reciben pesos argentinos al cambio de d\u00f3lar blue venta (billete). Novedoso monocular t\u00e9rmico con tel\u00e9metro l\u00e1ser (LRF). Marca: Conotech Modelo: Tracer 50 LRF Pro Garantia: 3 a\u00f1os de f\u00e1brica. Es el mejor dispositivo en relaci\u00f3n precio calidad en el grupo de resoluci\u00f3n del sensor t\u00e9rmico de 384\u00d7288 y lente de [&hellip;]<\/p>\n","protected":false},"featured_media":1935,"template":"","meta":{"site-sidebar-layout":"default","site-content-layout":"default","ast-site-content-layout":"default","site-content-style":"default","site-sidebar-style":"default","ast-global-header-display":"","ast-banner-title-visibility":"","ast-main-header-display":"","ast-hfb-above-header-display":"","ast-hfb-below-header-display":"","ast-hfb-mobile-header-display":"","site-post-title":"","ast-breadcrumbs-content":"","ast-featured-img":"","footer-sml-layout":"","ast-disable-related-posts":"","theme-transparent-header-meta":"default","adv-header-id-meta":"","stick-header-meta":"","header-above-stick-meta":"","header-main-stick-meta":"","header-below-stick-meta":"","astra-migrate-meta-layouts":"default","ast-page-background-enabled":"default","ast-page-background-meta":{"desktop":{"background-color":"","background-image":"","background-repeat":"repeat","background-position":"center center","background-size":"auto","background-attachment":"scroll","background-type":"","background-media":"","overlay-type":"","overlay-color":"","overlay-opacity":"","overlay-gradient":""},"tablet":{"background-color":"","background-image":"","background-repeat":"repeat","background-position":"center center","background-size":"auto","background-attachment":"scroll","background-type":"","background-media":"","overlay-type":"","overlay-color":"","overlay-opacity":"","overlay-gradient":""},"mobile":{"background-color":"","background-image":"","background-repeat":"repeat","background-position":"center center","background-size":"auto","background-attachment":"scroll","background-type":"","background-media":"","overlay-type":"","overlay-color":"","overlay-opacity":"","overlay-gradient":""}},"ast-content-background-meta":{"desktop":{"background-color":"var(--ast-global-color-5)","background-image":"","background-repeat":"repeat","background-position":"center center","background-size":"auto","background-attachment":"scroll","background-type":"","background-media":"","overlay-type":"","overlay-color":"","overlay-opacity":"","overlay-gradient":""},"tablet":{"background-color":"var(--ast-global-color-5)","background-image":"","background-repeat":"repeat","background-position":"center center","background-size":"auto","background-attachment":"scroll","background-type":"","background-media":"","overlay-type":"","overlay-color":"","overlay-opacity":"","overlay-gradient":""},"mobile":{"background-color":"var(--ast-global-color-5)","background-image":"","background-repeat":"repeat","background-position":"center center","background-size":"auto","background-attachment":"scroll","background-type":"","background-media":"","overlay-type":"","overlay-color":"","overlay-opacity":"","overlay-gradient":""}}},"product_brand":[],"product_cat":[28],"product_tag":[],"class_list":{"0":"post-1979","1":"product","2":"type-product","3":"status-publish","4":"has-post-thumbnail","6":"product_cat-monocular-con-telemetro","7":"desktop-align-left","8":"tablet-align-left","9":"mobile-align-left","11":"first","12":"instock","13":"shipping-taxable","14":"purchasable","15":"product-type-simple"},"_links":{"self":[{"href":"https:\/\/conotech-argentina.com\/index.php\/wp-json\/wp\/v2\/product\/1979","targetHints":{"allow":["GET"]}}],"collection":[{"href":"https:\/\/conotech-argentina.com\/index.php\/wp-json\/wp\/v2\/product"}],"about":[{"href":"https:\/\/conotech-argentina.com\/index.php\/wp-json\/wp\/v2\/types\/product"}],"wp:featuredmedia":[{"embeddable":true,"href":"https:\/\/conotech-argentina.com\/index.php\/wp-json\/wp\/v2\/media\/1935"}],"wp:attachment":[{"href":"https:\/\/conotech-argentina.com\/index.php\/wp-json\/wp\/v2\/media?parent=1979"}],"wp:term":[{"taxonomy":"product_brand","embeddable":true,"href":"https:\/\/conotech-argentina.com\/index.php\/wp-json\/wp\/v2\/product_brand?post=1979"},{"taxonomy":"product_cat","embeddable":true,"href":"https:\/\/conotech-argentina.com\/index.php\/wp-json\/wp\/v2\/product_cat?post=1979"},{"taxonomy":"product_tag","embeddable":true,"href":"https:\/\/conotech-argentina.com\/index.php\/wp-json\/wp\/v2\/product_tag?post=1979"}],"curies":[{"name":"wp","href":"https:\/\/api.w.org\/{rel}","templated":true}]}}